e 10, what is -8 + 13700?
13692
In base 14, what is 2d - -5c4?
613
In base 12, what is 249 - 18?
231
In base 13, what is -cb3 - 1?
-cb4
In base 6, what is -4 + -25255?
-25303
In base 9, what is 46223 + 13?
46236
In base 7, what is -1455 - 522?
-2310
In base 15, what is 9e + -110?
-61
In base 11, what is 13 + -1789?
-1776
In base 16, what is 61ab + -3d?
616e
In base 11, what is -997a - -13?
-9967
In base 7, what is -2 - 22551?
-22553
In base 10, what is -20 - 4351?
-4371
In base 9, what is -84374 - 6?
-84381
In base 7, what is 2362 - -3104?
5466
In base 4, what is -2321 - 220032?
-223013
In base 8, what is 2 + -21720?
-21716
In base 2, what is 110010100010101 - -1?
110010100010110
In base 7, what is 1014 + -356?
325
In base 2, what is 101111100 + 1111100?
111111000
In base 2, what is -111011100111110100 - 100?
-111011100111111000
In base 11, what is -a - -1143?
1134
In base 7, what is 410 + 12254?
12664
In base 10, what is 17370 + -92?
17278
In base 6, what is 2 - 41110?
-41104
In base 13, what is -4c - aac0?
-ab3c
In base 3, what is 10001 + 22222202?
100002210
In base 3, what is 1110 - -10212021?
10220201
In base 12, what is -2b994 + -43?
-2ba17
In base 8, what is -1426742 + -4?
-1426746
In base 7, what is -1532411 - 24?
-1532435
In base 16, what is -109 - 4ae?
-5b7
In base 10, what is -7 - 3135?
-3142
In base 9, what is -2785423 + 4?
-2785418
In base 5, what is -31 - -123203?
123122
In base 15, what is -8d - -5a?
-33
In base 9, what is -2402 + 0?
-2402
In base 14, what is a6b46 + 2?
a6b48
In base 7, what is 42 - 324431?
-324356
In base 7, what is -123655 + 40?
-123615
In base 13, what is -23 + 29425?
29402
In base 2, what is 10000000110111 - -11101?
10000001010100
In base 14, what is -1067 + 73?
-dd4
In base 10, what is -3 + -15165?
-15168
In base 13, what is -196b79 + 5?
-196b74
In base 3, what is -1000011221020 + -12?
-1000011221102
In base 8, what is -2030 - -11?
-2017
In base 10, what is -38231 + -8?
-38239
In base 12, what is 16 + 7610?
7626
In base 12, what is a1467 - 1?
a1466
In base 7, what is -60546466 - -4?
-60546462
In base 16, what is 3 + 1f4ff?
1f502
In base 11, what is 123110 - 5?
123106
In base 4, what is 13130 + -11303?
1221
In base 12, what is -9868a + 4?
-98686
In base 6, what is 123441 - 2?
123435
In base 3, what is -1 + -121122011?
-121122012
In base 11, what is 342686 - -2?
342688
In base 13, what is 42 + -a39?
-9c7
In base 16, what is e4 + -2bd?
-1d9
In base 12, what is 151247 + -3?
151244
In base 6, what is 144013 - 1?
144012
In base 2, what is 1111000010100 - 110110?
1110111011110
In base 4, what is -222301011 + 12?
-222300333
In base 3, what is -10011201 + 1002?
-10010122
In base 2, what is -101 - 11110100000111010101?
-11110100000111011010
In base 5, what is -4 + 410333?
410324
In base 3, what is -12 - 1011120122021?
-1011120122110
In base 9, what is -12281 + -5?
-12286
In base 13, what is -5 - 18c97?
-18c9c
In base 16, what is -25645 + -17?
-2565c
In base 13, what is -9737 - -5?
-9732
In base 10, what is 3 - 109404?
-109401
In base 7, what is -133441 + -2?
-133443
In base 15, what is 3268 - 55?
3213
In base 12, what is 3 + -541b5?
-541b2
In base 13, what is 31a3a - -32?
31a6c
In base 6, what is 11 + -221120?
-221105
In base 2, what is 111111010 - 10001101?
101101101
In base 8, what is -3 + 53557?
53554
In base 4, what is 112112 + -321?
111131
In base 4, what is 1211 + 1103102?
1110313
In base 12, what is 5 - -4b77?
4b80
In base 8, what is 11 + 45730?
45741
In base 4, what is -10 - 133322111?
-133322121
In base 12, what is 1164 + 6a?
1212
In base 3, what is -10 + 112211002?
112210222
In base 4, what is 221212 - -1?
221213
In base 8, what is -502 - 1606?
-2310
In base 16, what is 8 + 8ea?
8f2
In base 2, what is -10001101 + -100100000?
-110101101
In base 16, what is 5 + 267d?
2682
In base 12, what is -b0 + -102?
-1b2
In base 3, what is 20212121212 - -20?
20212122002
In base 2, what is -100001011111 - -1101?
-100001010010
In base 11, what is -2 - 106562?
-106564
In base 10, what is -1 - 157715?
-157716
In base 2, what is -1011011011100001100 - 10?
-1011011011100001110
In base 10, what is -6141 + 2?
-6139
In base 12, what is -2485 + 13?
-2472
In base 9, what is 5 - -484672?
484677
In base 7, what is -123110 - 1?
-123111
In base 6, what is 1 + -14304?
-14303
In base 14, what is 5bc5 + c?
5bd3
In base 7, what is 501 - -5252?
6053
In base 10, what is 3704967 + -3?
3704964
In base 6, what is 2050051 - 11?
2050040
In base 16, what is 42f5 + -7?
42ee
In base 11, what is 4 - -8a4a6?
8a4aa
In base 6, what is 2130341 + 3?
2130344
In base 3, what is 100 + -102001012?
-102000212
In base 3, what is 1122020 - 1101?
1120212
In base 16, what is 5d6 + -10d1?
-afb
In base 16, what is -6 - 174?
-17a
In base 16, what is 4 + a3898?
a389c
In base 11, what is -149674 - 3?
-149677
In base 10, what is 4225 + 15?
4240
In base 8, what is 2 + 122725?
122727
In base 6, what is -1112 - -11445?
10333
In base 12, what is -13408 + a1?
-13327
In base 5, what is -10 + 1214114?
1214104
In base 16, what is -48 - -1377?
132f
In base 14, what is -692 + -72?
-724
In base 9, what is -5856 - -78?
-5767
In base 8, what is 2463 - 43?
2420
In base 8, what is 4 + 2420?
2424
In base 8, what is -4 - -43637?
43633
In base 12, what is 232 - 39?
1b5
In base 9, what is 6488 + 177?
6676
In base 13, what is 10 + -91252?
-91242
In base 16, what is b7 - 86?
31
In base 9, what is 1 - -458176?
458177
In base 7, what is -1003230 - 1?
-1003231
In base 15, what is -1 - 18e19?
-18e1a
In base 3, what is 11 - 12210012?
-12210001
In base 4, what is -22320110 - 23?
-22320133
In base 10, what is 100 - -965?
1065
In base 14, what is -8 - 7cb4?
-7cbc
In base 2, what is 10011001001 - 1011001?
10001110000
In base 10, what is 130 - 48281?
-48151
In base 15, what is -18ddb - -1?
-18dda
In base 14, what is 7 - -2d459?
2d462
In base 5, what is 4 - 204442?
-204433
In base 4, what is 3 - -2221103?
2221112
In base 4, what is 1001312 + 311?
1002223
In base 3, what is 1221020002 + 2?
1221020011
In base 4, what is -20312001 + -13?
-20312020
In base 10, what is 517 - -256?
773
In base 10, what is -1127200 + -1?
-1127201
In base 5, what is 1220 + 444?
2214
In base 3, what is -2122121220 - -1221?
-2122112222
In base 12, what is -8693b3 - 1?
-8693b4
In base 6, what is -114441 + 4?
-114433
In base 16, what is -5 - -93fe?
93f9
In base 13, what is -1cab3a + -3?
-1cab40
In base 11, what is -449a15 - 1?
-449a16
In base 6, what is -523311 + -134?
-523445
In base 7, what is -22 + -15225?
-15250
In base 4, what is -10230 + 3310?
-320
In base 2, what is -11011 + -11111111011001111?
-11111111011101010
In base 4, what is -1213333110 + -2?
-1213333112
In base 3, what is -20 - 120111111022?
-120111111112
In base 6, what is -2 + -355350?
-355352
In base 6, what is -4 - -403410?
403402
In base 12, what is 5 - -11a15?
11a1a
In base 10, what is 394 - -61?
455
In base 4, what is 10 + 3031010?
3031020
In base 5, what is -2 - -110040023?
110040021
In base 10, what is 20251 - 11?
20240
In base 10, what is -694 + 1888?
1194
In base 7, what is 65 + -6211?
-6113
In base 12, what is 12 - -28b61?
28b73
In base 13, what is -378a - -2?
-3788
In base 16, what is 14 - -e0?
f4
In base 16, what is -1 - -c57?
c56
In base 4, what is -31 + 32332220?
32332123
In base 3, what is -102002 + 21220?
-10012
In base 3, what is -21110 + -120121?
-212001
In base 10, what is -152 - -99?
-53
In base 8, what is -105 - -4217?
4112
In base 13, what is 25614c7 - 0?
25614c7
In base 4, what is 2003133033 + 3?
2003133102
In base 10, what is -12 + -182481?
-182493
In base 15, what is 2b7dc - -2?
2b7de
In base 4, what is 12232 + -233?
11333
In base 16, what is 0 - a6d?
-a6d
In base 6, what is -412222 + 21?
-412201
In base 12, what is 340 - -1ab7?
2237
In base 3, what is 1 - 21122202?
-21122201
In base 10, what is 33 + 11143?
11176
In base 13, what is -2 + -607b9?
-607bb
In base 3, what is 10 - -102022220220?
102022221000
In base 4, what is 2 - 1132220212?
-1132220210
In base 3, what is 101001110222 - 10?
101001110212
In base 8, what is 170612 - 5?
170605
In base 13, what is -32 + -12a?
-15c
In base 12, what is 8 + 12712?
1271a
In base 10, what is -274 + -132?
-406
In base 8, what is 136 - 61?
55
In base 13, what is 1c4 + 13c?
333
In base 6, what is -4 -